2488?
4
What is the units digit of 490606?
6
What is the hundred thousands digit of 1835476?
8
What is the tens digit of 280814?
1
What is the tens digit of 813428?
2
What is the millions digit of 2237307?
2
What is the tens digit of 890892?
9
What is the hundreds digit of 86842?
8
What is the millions digit of 3996552?
3
What is the hundreds digit of 4946198?
1
What is the tens digit of 169093?
9
What is the hundreds digit of 2273247?
2
What is the ten thousands digit of 1416865?
1
What is the tens digit of 7059?
5
What is the millions digit of 9915503?
9
What is the hundred thousands digit of 11464960?
4
What is the thousands digit of 1198986?
8
What is the hundred thousands digit of 1221721?
2
What is the ten thousands digit of 4279492?
7
What is the ten thousands digit of 113086?
1
What is the tens digit of 283000?
0
What is the thousands digit of 5960746?
0
What is the units digit of 269825?
5
What is the hundred thousands digit of 498002?
4
What is the thousands digit of 1982878?
2
What is the hundreds digit of 7814224?
2
What is the ten thousands digit of 592781?
9
What is the hundred thousands digit of 345255?
3
What is the thousands digit of 822490?
2
What is the millions digit of 8592109?
8
What is the hundred thousands digit of 854069?
8
What is the ten thousands digit of 149991?
4
What is the hundreds digit of 15257180?
1
What is the hundred thousands digit of 1161432?
1
What is the thousands digit of 108181?
8
What is the units digit of 364664?
4
What is the ten thousands digit of 9142851?
4
What is the units digit of 36391?
1
What is the hundred thousands digit of 28732076?
7
What is the hundred thousands digit of 5536318?
5
What is the hundreds digit of 87508?
5
What is the hundred thousands digit of 784912?
7
What is the millions digit of 3240784?
3
What is the hundred thousands digit of 5677422?
6
What is the thousands digit of 5981378?
1
What is the units digit of 2287735?
5
What is the tens digit of 402597?
9
What is the ten thousands digit of 20099051?
9
What is the units digit of 982939?
9
What is the ten thousands digit of 2521862?
2
What is the units digit of 7563591?
1
What is the units digit of 2142379?
9
What is the tens digit of 1247063?
6
What is the units digit of 11161891?
1
What is the ten thousands digit of 54897?
5
What is the millions digit of 15105960?
5
What is the thousands digit of 21145?
1
What is the thousands digit of 310208?
0
What is the tens digit of 10594798?
9
What is the hundreds digit of 223807?
8
What is the thousands digit of 1545361?
5
What is the millions digit of 1547525?
1
What is the hundreds digit of 11298908?
9
What is the ten thousands digit of 218200?
1
What is the thousands digit of 594310?
4
What is the hundred thousands digit of 527077?
5
What is the tens digit of 1025001?
0
What is the units digit of 7719939?
9
What is the tens digit of 147634?
3
What is the tens digit of 275139?
3
What is the hundred thousands digit of 167984?
1
What is the tens digit of 1878372?
7
What is the tens digit of 544087?
8
What is the hundreds digit of 111983?
9
What is the hundreds digit of 367702?
7
What is the millions digit of 28481938?
8
What is the millions digit of 6343339?
6
What is the hundred thousands digit of 282002?
2
What is the units digit of 162908?
8
What is the tens digit of 5513039?
3
What is the hundreds digit of 6088563?
5
What is the hundreds digit of 1979351?
3
What is the hundred thousands digit of 338433?
3
What is the hundreds digit of 479298?
2
What is the hundred thousands digit of 151943?
1
What is the units digit of 100246?
6
What is the hundreds digit of 16837118?
1
What is the ten thousands digit of 297334?
9
What is the tens digit of 194617?
1
What is the tens digit of 98669?
6
What is the tens digit of 749876?
7
What is the hundred thousands digit of 478763?
4
What is the tens digit of 264688?
8
What is the ten millions digit of 20507862?
2
What is the thousands digit of 134200?
4
What is the units digit of 58678?
8
What is the hundreds digit of 6158283?
2
What is the tens digit of 8385686?
8
What is the millions digit of 25568705?
5
What is the tens digit of 402154?
5
What is the units digit of 391888?
8
What is the units digit of 400519?
9
What is the units digit of 267681?
1
What is the units digit of 3359?
9
What is the ten thousands digit of 21102250?
0
What is the hundreds digit of 8556213?
2
What is the units digit of 843742?
2
What is the tens digit of 1924242?
4
What is the ten thousands digit of 1354501?
5
What is the hundred thousands digit of 1184202?
1
What is the thousands digit of 141456?
1
What is the hundred thousands digit of 750042?
7
What is the thousands digit of 1586454?
6
What is the hundreds digit of 268570?
5
What is the tens digit of 912404?
0
What is the thousands digit of 1072358?
2
What is the units digit of 7734600?
0
What is the ten thousands digit of 1727592?
2
What is the units digit of 8896192?
2
What is the tens digit of 365717?
1
What is the hundred thousands digit of 154274?
1
What is the thousands digit of 606709?
6
What is the hundred thousands digit of 610820?
6
What is the thousands digit of 1847637?
7
What is the units digit of 283659?
9
What is the thousands digit of 361863?
1
What is the thousands digit of 582626?
2
What is the hundreds digit of 304900?
9
What is the ten thousands digit of 2873009?
7
What is the tens digit of 2390353?
5
What is the hundreds digit of 104102?
1
What is the thousands digit of 791899?
1
What is the hundreds digit of 6163047?
0
What is the hundred thousands digit of 625062?
6
What is the tens digit of 2054088?
8
What is the millions digit of 4843735?
4
What is the hundreds digit of 494764?
7
What is the units digit of 1292198?
8
What is the units digit of 2223820?
0
What is the hundreds digit of 6982765?
7
What is the thousands digit of 10882931?
2
What is the hundreds digit of 676804?
8
What is the tens digit of 129895?
9
What is the thousands digit of 22997844?
7
What is the hundreds digit of 443433?
4
What is the thousands digit of 162118?
2
What is the tens digit of 392450?
5
What is the thousands digit of 445343?
5
What is the tens digit of 2111492?
9
What is the thousands digit of 530266?
0
What is the hundreds digit of 105454?
4
What is the millions digit of 10736171?
0
What is the hundreds digit of 14962239?
2
What is the units digit of 3183743?
3
What is the millions digit of 10282495?
0
What is the units digit of 2074255?
5
What is the millions digit of 1554016?
1
What is the millions digit of 21014648?
1
What is the thousands digit of 1777055?
7
What is the hundreds digit of 24021680?
6
What is the units digit of 1516612?
2
What is the units digit of 884205?
5
What is the ten thousands digit of 2978002?
7
What is the units digit of 1936913?
3
What is the hundred thousands digit of 11775584?
7
What is the ten thousands digit of 690600?
9
What is the tens digit of 10059766?
6
What is the units digit of 166297?
7
What is the hundreds digit of 1472622?
6
What is the hundreds digit of 1116410?
4
What is the hundreds digit of 2370405?
4
What is the units digit of 4592159?
9
What is the units digit of 658782?
2
What is the units digit of 72285?
5
What is the ten thousands digit of 56235?
5
What is the thousands digit of 830320?
0
What is the ten thousands digit of 2174529?
7
What is the hundred thousands digit of 1003346?
0
What is the hundred thousands digit of 10093831?
0
What is the ten thousands digit of 1422836?
2
What is the units digit of 480263?
3
What is the tens digit of 1650162?
6
What is the millions digit of 2377647?
2
What is the ten thousands digit of 346424?
4
What is the thousands digit of 2247625?
7
What is the hundred thousands digit of 14729781?
7
What is the hundreds digit of 1340077?
0
What is the hundreds digit of 1501031?
0
What is the thousands digit of 1044298?
4
What is the millions digit of 27777552?
7
What is the thousands digit of 2681479?
1
What is the tens digit of 6919447?
4
What is the units digit of 675985?
5
What is the thousands digit of 2946549?
6
What is the thousands digit of 9120010?
0
What is the hundred thousands digit of 796435?
7
What is the tens digit of 549123?
2
What is the ten thousands digit of 2801784?
0
What is the units digit of 179260?
